-10*q - 60 = -0*q. Let j be w(q). What is the hundreds digit of z(j)?
1
Suppose 1 = q, -2*k = 28*q - 32*q - 8626. What is the tens digit of k?
1
Suppose 176*j = -c + 180*j + 11487, 4*j = 4*c - 45876. What is the hundreds digit of c?
4
Suppose 3*u + 3*u - 2010 = 0. Suppose -4*t - u = 5*m - 79, t - 209 = 4*m. What is the units digit of 4/(-8)*m - 6/2?
3
Let l(k) = -3*k + 70. Let v be l(22). Let t(x) = -x**3 + 5*x**2 - 4*x + 2. Let y be t(v). Suppose 0*h - 338 = -y*h. What is the hundreds digit of h?
1
Let j(l) = -l**2 + 22*l + 70. Let o be j(24). Suppose w - o*w = -5985. What is the units digit of w?
5
Let m = -376 + 628. Suppose -m = -i - 2*y, 0*y + 484 = 2*i - y. Suppose -i = -5*b + 36. What is the units digit of b?
6
Let g(o) = -2*o - 32. Let m be g(-18). Suppose 4*h + m*v + 260 = 0, 0 = h - 2*v + 26 + 51. What is the tens digit of 3/9*3 - h?
7
Suppose -1381 + 426 = -w. Suppose -k - 3 = 0, 83 + 64 = 2*c - 3*k. Suppose c*z - w = 64*z. What is the units digit of z?
1
Let o(f) = -3*f + 53. Let s be o(13). Suppose p = -s + 383. What is the hundreds digit of p?
3
Suppose 0 = -i - 2*h + 10, -17 = -5*i - 0*i + h. Suppose -2*j - o - 13 = 0, -o - i*o + 25 = -5*j. What is the units digit of 1998/(-24)*16/j?
2
Let s(m) = 37*m**2 + 446*m - 9913. What is the thousands digit of s(23)?
9
Suppose 4*f = -5*r - f, -2*f = 4*r. Suppose 6 = -r*t + 2*t, 5*i - 2*t + 296 = 0. Let q = -46 - i. What is the tens digit of q?
1
Let n be 2/4 + (-1263)/(-2). Let m(h) = -h**3 + 40*h**2 - 75*h - 33. Let w be m(38). Suppose -n = -w*u + 28. What is the units digit of u?
2
Let j(y) = -4*y**3 + 2*y**2 - 5*y - 6. Suppose 6*r = 2*r - 16. Let f be j(r). Suppose -8*u + f = -426. What is the tens digit of u?
9
Let w be 0 + -3 - (-60)/10. Suppose -2*f - w*n + 409 = 0, -4*f + 808 = n + 3*n. Suppose 130 + f = 3*i. What is the hundreds digit of i?
1
Let i(r) = 198*r - 16. Let w be i(-2). Let m = -165 - w. What is the units digit of m?
7
What is the ten thousands digit of 0 + 71177/4 - (9 + 770/(-88))?
1
Let i = 12321 - 2481. What is the tens digit of i?
4
Let v(h) = -h**2 - 28*h + 87. Let s be v(-30). Suppose -s*b = -17*b - 550. What is the tens digit of b?
5
Let i(k) = 104*k**2 + 2*k - 6. Suppose 0 = 20*v - 23*v - 9. Let g be i(v). Suppose -h = -8*h + g. What is the tens digit of h?
3
Suppose 97*g - 342528 = 192*g - 107*g. What is the ten thousands digit of g?
2
Let a be 1/((-5)/(-65) + 0). Suppose 10*h - a*h = 0. Suppose -19*r + 15*r + 220 = h. What is the units digit of r?
5
Let n(r) = 36*r**3 - 15*r**2 + 37*r - 79. What is the tens digit of n(9)?
8
Suppose 5*g - 2*g = 3*k - 36, -6 = -3*g. Let v be (-108)/189*k/(-4). What is the hundreds digit of (2 - -156) + (6 - v)?
1
Suppose 2*h = t + 41, -t - t + 86 = 4*h. What is the units digit of (-3)/h + (-12204)/(-21)?
1
Let x be (-312)/(-15) - (-3)/15. Let r = x - 16. Suppose 0 = r*u - 48 - 112. What is the tens digit of u?
3
Let p be (-14 - -8)*(-2)/4. Suppose -p*c = 6*c - 3051. Suppose 4*q + 2*u - c = -139, 5*q - 252 = -3*u. What is the tens digit of q?
4
Let u = -20143 + 34718. What is the units digit of u?
5
Let f(x) = -3*x + 4*x - 4*x + 128 + 51. What is the hundreds digit of f(-38)?
2
Let q = 83 + -79. Suppose x = 2*x - q. Suppose -5*i + x*m + m = -270, -5*m - 62 = -i. What is the units digit of i?
2
Suppose 52648 = 7*l - 2*l - 4*q, 3*q = 9. What is the tens digit of l?
3
Let d(b) = -b**3 - 2*b - 2. Let j be d(3). Suppose 2*x - 70 = 3*q + 10, 3*q - x + 79 = 0. Let r = q - j. What is the units digit of r?
9
Let c(y) = y**2 - 2*y + 30. Suppose 35 - 243 = -13*h. What is the units digit of c(h)?
4
Suppose -13*j - 4*j + 35853 = 0. Suppose -2931 = -7*d + j. What is the tens digit of d?
2
Let n = 85 + -79. What is the units digit of ((-4)/n)/((-6)/6489)?
1
Let c = 119 - 141. Let i(g) = 2*g**2 + 34*g - 17. What is the units digit of i(c)?
3
Suppose 29*k - 115 = 6*k. Suppose 4*t + 2*v - 2515 = -617, -k*t + 2370 = 2*v. What is the units digit of t?
2
Suppose 5*n + 130 = 665. Suppose 223 - n = v. What is the tens digit of v?
1
Let q = 9271 + -14453. What is the tens digit of (10/4)/(-7 - q/740)?
2
Let q = -2847 + 6040. What is the thousands digit of q?
3
Let d(v) = 3*v + 15. Let i be d(-5). Let q(o) = 7*o + 212 + 2*o - 34 - 3*o. What is the hundreds digit of q(i)?
1
Let f = -67 + 168. Suppose 3*c - 31 = f. What is the units digit of c?
4
What is the hundreds digit of (-489 - -495)/(3/16111)?
2
Let c(i) = -16*i - 101. Let d(s) = -6*s**2 + 2*s + 1. Let o be d(2). What is the units digit of c(o)?
3
Let l be 4/(-3)*(-5058)/12*-2. Let t = -236 - l. What is the units digit of t?
8
Suppose -87*w + 4 = -86*w. Suppose z + w*z = y + 911, -3*z = -3*y - 537. What is the units digit of z?
3
Let t be (44/(-33))/((-4)/6). Suppose -3 = -3*m + t*m. Suppose 0 = 5*i + m*y - 59 - 292, 5*y = 10. What is the units digit of i?
9
Suppose 0 = -2*b - 17*t + 13*t + 2168, -3255 = -3*b - 5*t. What is the thousands digit of b?
1
Let z(o) be the second derivative of -o**4/12 - 2*o**3 - 25*o**2/2 - 6*o. Let y be z(-16). Let u = y - -91. What is the units digit of u?
2
Let t = -476 - -477. What is the tens digit of t - (0 + 1 - 203)?
0
Let g = 137 + -81. Suppose 3*t + 5*w = 1034 - g, 5*t + 2*w = 1630. What is the tens digit of t?
2
Suppose 3 = 62*k + 3. Suppose k = -452*z + 454*z - 1430. What is the hundreds digit of z?
7
Suppose 0 = 5*m - 5*f - 65, -m + 4*f = 5 - 30. Suppose 0*b + m*b = 216. What is the units digit of -100*(16/b)/(10/(-6))?
0
Let d = -24 + 13. Let m = 427 - d. What is the units digit of m?
8
Let l(j) = -j**3 + 7*j**2 - 2*j - 2. Suppose 4*g = 2*d + 52, 2*g + 3*d + 64 = 7*g. Suppose 2*k + g = 20. What is the tens digit of l(k)?
2
Suppose 0 = 3*o + 2*z - 2073, 1192 + 191 = 2*o + z. What is the units digit of o?
3
Let s be (-15 - -19)/(1/(-292)). Let x = -732 - s. What is the hundreds digit of x?
4
Let z be -5*(-4 - 90/(-25)). Suppose z*s + 2*s - 190 = -3*a, -a - 100 = -2*s. Let q = -21 + s. What is the tens digit of q?
2
Let g = -134 + 143. Suppose 0 = -5*j + 19 - g. Suppose y = j*b - 79, -2*b + 15 = -3*y - 62. What is the units digit of b?
0
Suppose -1306 = -2*d + r, -5*r + 2*r + 2632 = 4*d. What is the units digit of d?
5
Let g = -62132 + 87682. What is the ten thousands digit of g?
2
Suppose 0 = 2*o + 2*s - 4, o = 6*o - 2*s - 24. Suppose 28 = o*p - 2*p. Suppose -11*z - 279 = -p*z. What is the tens digit of z?
9
Let u(b) = b**3 + 10*b**2 - 6*b - 11. Let h(y) = y**2 - 9*y + 22. Let d be h(3). Suppose 0 = -d*v + 12*v + 80. What is the units digit of u(v)?
9
Suppose 15368 = 24*h - 16*h. What is the units digit of h?
1
What is the units digit of -2*1*(-281725)/118 + 6?
1
Suppose 45*k = 43*k + 10. Let p be (-2)/(-10) + 3724/k. Suppose -11*r + p = -6*r. What is the tens digit of r?
4
Let y = -76294 - -131327. What is the thousands digit of y?
5
Suppose 0 = -4*z + 3*q + 1 - 10, 2*z + q = 3. Suppose z = -8*u + 12*u - 24. What is the units digit of (-1 + 15/u)/(6/284)?
1
Suppose -5*z + 3 = -4*z, -2*u + 442 = -2*z. Suppose -29 = o - u. What is the tens digit of o?
9
Let s = 35 + -31. Let r be (2/4*s)/2. What is the tens digit of r*-9*(-48)/18?
2
Suppose -u = -5*i - 8217, -2*u - i = -5004 - 11441. What is the units digit of u?
2
Suppose 6*b + 9*b - 3688 = 2972. What is the units digit of b?
4
Suppose 6*f - 3*f - 12 = 0. Suppose f*a + 2287 = 5*t, 0 = -9*t + 12*t - a - 1368. Suppose 0 = 4*m + 175 - t. What is the tens digit of m?
7
Let b(u) = 0*u**3 + 11*u**2 + u**3 - 4*u + 7 + 0*u**3 - 25. Let r be b(-8). Suppose -194 = -o + 5*j, -2*o + o + r = j. What is the tens digit of o?
0
Let w be (-80)/(-3) - 14/273*13. Suppose -w*z + 47538 = 12*z. What is the thousands digit of z?
1
Suppose -53*h + 143049 = -12*h. What is the thousands digit of h?
3
What is the ten thousands digit of ((-13622)/3)/(18 + (-976)/54)?
6
Let g = -11512 - -26968. Suppose 68*p = 80*p - g. What is the thousands digit of p?
1
Let j = -9 + 19. Suppose -j*g - 2 = -22. What is the tens digit of (-63)/(-28)*(86/3 - g)?
6
Suppose -85*j + 991112 = 154712. What is the hundreds digit of j?
8
Let u(g) = g**3 - 3*g**2 + 2*g - 2. Let d be u(3). Suppose -t + r + d = -5, -5*r = 25. Let o(w) = w**3 - 6*w**2 + 12*w - 1. What is the units digit of o(t)?
5
Let w be 114/12 - 6/4. Suppose -3 + 19 = w*r. Suppose -2*l = 3*l